{"id":56,"date":"2024-09-03T12:53:21","date_gmt":"2024-09-03T12:53:21","guid":{"rendered":"https:\/\/tenviesti.fi\/?page_id=56"},"modified":"2024-09-04T13:58:51","modified_gmt":"2024-09-04T13:58:51","slug":"koulutuspalvelut","status":"publish","type":"page","link":"https:\/\/tenviesti.fi\/?page_id=56","title":{"rendered":"Koulutuspalvelut"},"content":{"rendered":"\n<p style=\"font-size:20px\">Tenviesti Oy:n koulutuspalvelujen suunnittelu ja toteutus tapahtuu yrityksen Yoda e-learning Team -yksik\u00f6ss\u00e4, jonka tarkempi esittely l\u00f6ytyy <a href=\"https:\/\/yodateam.wordpress.com\">t\u00e4\u00e4lt\u00e4<\/a>.<\/p>\n\n\n\n<p><\/p>\n","protected":false},"excerpt":{"rendered":"<p>Tenviesti Oy:n koulutuspalvelujen suunnittelu ja toteutus tapahtuu yrityksen Yoda e-learning Team -yksik\u00f6ss\u00e4, jonka tarkempi esittely l\u00f6ytyy t\u00e4\u00e4lt\u00e4.<\/p>\n","protected":false},"author":1,"featured_media":0,"parent":39,"menu_order":2,"comment_status":"closed","ping_status":"closed","template":"onecolumn-page.php","meta":{"footnotes":""},"class_list":["post-56","page","type-page","status-publish","hentry"],"_links":{"self":[{"href":"https:\/\/tenviesti.fi\/index.php?rest_route=\/wp\/v2\/pages\/56"}],"collection":[{"href":"https:\/\/tenviesti.fi\/index.php?rest_route=\/wp\/v2\/pages"}],"about":[{"href":"https:\/\/tenviesti.fi\/index.php?rest_route=\/wp\/v2\/types\/page"}],"author":[{"embeddable":true,"href":"https:\/\/tenviesti.fi\/index.php?rest_route=\/wp\/v2\/users\/1"}],"replies":[{"embeddable":true,"href":"https:\/\/tenviesti.fi\/index.php?rest_route=%2Fwp%2Fv2%2Fcomments&post=56"}],"version-history":[{"count":5,"href":"https:\/\/tenviesti.fi\/index.php?rest_route=\/wp\/v2\/pages\/56\/revisions"}],"predecessor-version":[{"id":81,"href":"https:\/\/tenviesti.fi\/index.php?rest_route=\/wp\/v2\/pages\/56\/revisions\/81"}],"up":[{"embeddable":true,"href":"https:\/\/tenviesti.fi\/index.php?rest_route=\/wp\/v2\/pages\/39"}],"wp:attachment":[{"href":"https:\/\/tenviesti.fi\/index.php?rest_route=%2Fwp%2Fv2%2Fmedia&parent=56"}],"curies":[{"name":"wp","href":"https:\/\/api.w.org\/{rel}","templated":true}]}}